{"id":730,"date":"2018-07-26T10:40:07","date_gmt":"2018-07-26T13:40:07","guid":{"rendered":"https:\/\/isplacosta-bue.infd.edu.ar\/sitio\/?page_id=730"},"modified":"2021-11-25T18:26:16","modified_gmt":"2021-11-25T21:26:16","slug":"ingresantes","status":"publish","type":"page","link":"https:\/\/isplacosta-bue.infd.edu.ar\/sitio\/ingresantes\/","title":{"rendered":"Ingresantes"},"content":{"rendered":"<h4>Requisitos de inscripci\u00f3n<\/h4>\n<p>Para inscribirse&#8230;<\/p>\n<p class=\"_04xlpA\"><span class=\"JsGRdQ\">* 2 Fotocopias T\u00edtulo de Nivel Medio, en caso de no tener el t\u00edtulo a\u00fan, presentar <\/span><span class=\"JsGRdQ\">certificado de t\u00edtulo en tr\u00e1mite o constancia de alumno regular <\/span><\/p>\n<p class=\"_04xlpA\"><span class=\"JsGRdQ\">* 2 fotocopias del DNI <\/span><\/p>\n<p class=\"_04xlpA direction-ltr align-start para-style-body\"><span class=\"JsGRdQ\">* 1 Certificado de aptitud psicof\u00edsica para el cursado de la carrera .<\/span><\/p>\n<p class=\"_04xlpA\"><span class=\"JsGRdQ\">* 4 fotos carnet <\/span><\/p>\n<p class=\"_04xlpA\"><span class=\"JsGRdQ\">* 2 Fotocopias de vacuna Antitet\u00e1nica <\/span><\/p>\n<p class=\"_04xlpA\"><span class=\"JsGRdQ\">* 2 Fotocopias de vacuna Anti &#8211; hepatitis B <\/span><\/p>\n<p class=\"_04xlpA\"><span class=\"JsGRdQ\">* 2 Fotocopias de la Partida de Nacimiento<\/span><\/p>\n<p class=\"_04xlpA\"><span class=\"JsGRdQ\">*La documentaci\u00f3n deber\u00e1 ser presentada en formato papel una vez <\/span><span class=\"JsGRdQ\">incorporados al establecimiento.<\/span><\/p>\n","protected":false},"excerpt":{"rendered":"<p>Requisitos de inscripci\u00f3n Para inscribirse&#8230; * 2 Fotocopias T\u00edtulo de Nivel Medio, en caso de no tener el t\u00edtulo a\u00fan, presentar certificado de t\u00edtulo en tr\u00e1mite o constancia de alumno regular * 2 fotocopias del DNI * 1 Certificado de aptitud psicof\u00edsica para el cursado de la carrera . * 4 fotos carnet * 2 &#8230; <a title=\"Ingresantes\" class=\"read-more\" href=\"https:\/\/isplacosta-bue.infd.edu.ar\/sitio\/ingresantes\/\" aria-label=\"More on Ingresantes\">[+]<\/a><\/p>\n","protected":false},"author":6,"featured_media":0,"parent":0,"menu_order":0,"comment_status":"closed","ping_status":"closed","template":"","meta":[],"acf":[],"_links":{"self":[{"href":"https:\/\/isplacosta-bue.infd.edu.ar\/sitio\/wp-json\/wp\/v2\/pages\/730"}],"collection":[{"href":"https:\/\/isplacosta-bue.infd.edu.ar\/sitio\/wp-json\/wp\/v2\/pages"}],"about":[{"href":"https:\/\/isplacosta-bue.infd.edu.ar\/sitio\/wp-json\/wp\/v2\/types\/page"}],"author":[{"embeddable":true,"href":"https:\/\/isplacosta-bue.infd.edu.ar\/sitio\/wp-json\/wp\/v2\/users\/6"}],"replies":[{"embeddable":true,"href":"https:\/\/isplacosta-bue.infd.edu.ar\/sitio\/wp-json\/wp\/v2\/comments?post=730"}],"version-history":[{"count":3,"href":"https:\/\/isplacosta-bue.infd.edu.ar\/sitio\/wp-json\/wp\/v2\/pages\/730\/revisions"}],"predecessor-version":[{"id":860,"href":"https:\/\/isplacosta-bue.infd.edu.ar\/sitio\/wp-json\/wp\/v2\/pages\/730\/revisions\/860"}],"wp:attachment":[{"href":"https:\/\/isplacosta-bue.infd.edu.ar\/sitio\/wp-json\/wp\/v2\/media?parent=730"}],"curies":[{"name":"wp","href":"https:\/\/api.w.org\/{rel}","templated":true}]}}